{"id":88,"date":"2022-04-24T17:38:04","date_gmt":"2022-04-24T15:38:04","guid":{"rendered":"http:\/\/192.168.0.50\/wordpress\/?page_id=88"},"modified":"2022-04-24T17:39:50","modified_gmt":"2022-04-24T15:39:50","slug":"presentation-de-la-base-de-donnees","status":"publish","type":"page","link":"http:\/\/modsfarm-web.raidghost.com\/index.php\/presentation-de-la-base-de-donnees\/","title":{"rendered":"Pr\u00e9sentation de la base de donn\u00e9es"},"content":{"rendered":"\n<h2 class=\"has-normal-font-size wp-block-heading\">Description<\/h2>\n\n\n\n<p class=\"has-small-font-size\">Qu&rsquo;est-ce qu&rsquo;une base de donn\u00e9es? Une base de donn\u00e9es est un des \u00e9l\u00e9ments les plus importants dans les sites web du moins les dynamiques. Ces bases peuvent \u00e9galement \u00eatre utilis\u00e9es uniquement en local pour des programmes que l&rsquo;on installe ou que l&rsquo;on ecrit nous m\u00eame. C&rsquo;est dans ces bases que l&rsquo;on peut stocker des informations quelqu&rsquo;en sois la quantit\u00e9. Cela peut servir pour des espaces membres (stocker les noms d&rsquo;utilisateur, mot de passes, email, etc,&#8230;) Installer une base de donn\u00e9es depuis les d\u00e9p\u00f4ts officiels est une meilleur option que d&rsquo;utiliser celles dans les programmes tels que xammp, mampp, easyphp, etc, &#8230;<\/p>\n\n\n\n<h2 class=\"has-normal-font-size wp-block-heading\">Qu&rsquo;existe t&rsquo;il comme bases de donn\u00e9es?<\/h2>\n\n\n\n<p class=\"has-small-font-size\">Il existe diff\u00e9rentes bases de donn\u00e9es. Les plus connues, gratuites et simple d&rsquo;utilisation sont les suivants:<br>Mysql ou sa variante mariadb : C&rsquo;est une bases de donn\u00e9es bien connue open-sources et facile d&rsquo;utilisation<br>Postgresql : C&rsquo;est une autre bases de donn\u00e9es open-sources, \u00e9galement bien connue et facile d&rsquo;utilisation mais un peu diff\u00e9rente de mysql\/mariadb avec une syntaxe diff\u00e9rente \u00e9galement.<br>SQLite : Plus connue et utilis\u00e9e sous Android, celle-ci est \u00e9galement open-source. Elle fonctionne \u00e9galement sur PC pour le web comme pour les programmes de bureau.<br>Oracle : Une base de donn\u00e9s con\u00e7ue et vendue par oracle. N\u00e9anmoins elle est payante.<\/p>\n\n\n\n<p class=\"has-small-font-size\">Comme dit plus haut, il existe des serveurs Apache, php, mysql ensemble pr\u00eat \u00e0 l&#8217;emploi, tels que Xampp, Wampp, Easyphp, etc, &#8230; mais il s&rsquo;av\u00e8re que ceux-ci ne sont pas s\u00e9curis\u00e9s. Vous pouvez les utilis\u00e9s \u00e0 des fins local pour vos essais web, mais \u00e0 ne\u00a0<strong>SURTOUT PAS<\/strong>\u00a0utiliser pour de l&rsquo;h\u00e9bergement sauf \u00e0 la rigueur de l&rsquo;h\u00e9bergement interne uniquement (non accessible depuis l&rsquo;ext\u00e9rieur de votre connexion internet) ou pour des programmes en local.<\/p>\n\n\n\n<h2 class=\"has-normal-font-size wp-block-heading\">Quelles sont les particularit\u00e9s?<\/h2>\n\n\n\n<p class=\"has-small-font-size\">Comme dit plus haut, ces bases ont parfais une particularit\u00e9, c&rsquo;est souvent la syntaxe SQL qui peut varier. Certaines comme Oracle sont payantes, d&rsquo;autres comme PostgreSQL et mysql\/mariadb sont gratuites. En plus de cela, Certaines sont plus \u00ab\u00a0simples\u00a0\u00bb de conception et\/ou d&rsquo;utilisation. Le point en commun que ces bases de donn\u00e9es cit\u00e9 ci-dessus ont entre-elles, est que elles peuvent-\u00eatre utilis\u00e9es sur PC et m\u00eame ordinateurs\u00a0<a href=\"https:\/\/www.raspberrypi.org\/\">mono-carte(RaspberryPI).<\/a><a href=\"http:\/\/modsfarm-web.raidghost.com\/install-bdd.php\"><\/a><\/p>\n","protected":false},"excerpt":{"rendered":"<p>Description Qu&rsquo;est-ce qu&rsquo;une base de donn\u00e9es? Une base de donn\u00e9es est un des \u00e9l\u00e9ments les plus importants dans les sites web du moins les dynamiques. Ces bases peuvent \u00e9galement \u00eatre utilis\u00e9es uniquement en local pour des programmes que l&rsquo;on installe ou que l&rsquo;on ecrit nous m\u00eame. C&rsquo;est dans ces bases que l&rsquo;on peut stocker des &hellip; <\/p>\n<p class=\"link-more\"><a href=\"http:\/\/modsfarm-web.raidghost.com\/index.php\/presentation-de-la-base-de-donnees\/\" class=\"more-link\">Continuer la lecture <span class=\"screen-reader-text\"> \u00ab\u00a0Pr\u00e9sentation de la base de donn\u00e9es\u00a0\u00bb<\/span><\/a><\/p>\n","protected":false},"author":1,"featured_media":0,"parent":0,"menu_order":0,"comment_status":"closed","ping_status":"closed","template":"","meta":{"footnotes":""},"class_list":["post-88","page","type-page","status-publish","hentry","entry"],"_links":{"self":[{"href":"http:\/\/modsfarm-web.raidghost.com\/index.php\/wp-json\/wp\/v2\/pages\/88","targetHints":{"allow":["GET"]}}],"collection":[{"href":"http:\/\/modsfarm-web.raidghost.com\/index.php\/wp-json\/wp\/v2\/pages"}],"about":[{"href":"http:\/\/modsfarm-web.raidghost.com\/index.php\/wp-json\/wp\/v2\/types\/page"}],"author":[{"embeddable":true,"href":"http:\/\/modsfarm-web.raidghost.com\/index.php\/wp-json\/wp\/v2\/users\/1"}],"replies":[{"embeddable":true,"href":"http:\/\/modsfarm-web.raidghost.com\/index.php\/wp-json\/wp\/v2\/comments?post=88"}],"version-history":[{"count":5,"href":"http:\/\/modsfarm-web.raidghost.com\/index.php\/wp-json\/wp\/v2\/pages\/88\/revisions"}],"predecessor-version":[{"id":93,"href":"http:\/\/modsfarm-web.raidghost.com\/index.php\/wp-json\/wp\/v2\/pages\/88\/revisions\/93"}],"wp:attachment":[{"href":"http:\/\/modsfarm-web.raidghost.com\/index.php\/wp-json\/wp\/v2\/media?parent=88"}],"curies":[{"name":"wp","href":"https:\/\/api.w.org\/{rel}","templated":true}]}}